ided by 166?
158
What is the remainder when 915 is divided by 12?
3
Calculate the remainder when 143 is divided by 73.
70
Calculate the remainder when 14 is divided by 8.
6
What is the remainder when 12 is divided by 6?
0
What is the remainder when 210 is divided by 189?
21
Calculate the remainder when 260 is divided by 83.
11
What is the remainder when 9627 is divided by 3208?
3
Calculate the remainder when 1125 is divided by 81.
72
Calculate the remainder when 15 is divided by 10.
5
Calculate the remainder when 255 is divided by 134.
121
Calculate the remainder when 305 is divided by 5.
0
What is the remainder when 500 is divided by 74?
56
Calculate the remainder when 47 is divided by 11.
3
Calculate the remainder when 2105 is divided by 13.
12
Calculate the remainder when 957 is divided by 387.
183
Calculate the remainder when 2281 is divided by 50.
31
What is the remainder when 41 is divided by 16?
9
Calculate the remainder when 4829 is divided by 29.
15
What is the remainder when 36 is divided by 30?
6
What is the remainder when 309 is divided by 94?
27
Calculate the remainder when 543 is divided by 109.
107
What is the remainder when 2345 is divided by 118?
103
Calculate the remainder when 190 is divided by 89.
12
Calculate the remainder when 636 is divided by 63.
6
Calculate the remainder when 180 is divided by 8.
4
What is the remainder when 15867 is divided by 230?
227
Calculate the remainder when 24 is divided by 1.
0
Calculate the remainder when 812 is divided by 265.
17
Calculate the remainder when 845 is divided by 343.
159
Calculate the remainder when 119 is divided by 20.
19
Calculate the remainder when 106 is divided by 48.
10
What is the remainder when 505 is divided by 100?
5
What is the remainder when 2139 is divided by 42?
39
Calculate the remainder when 144 is divided by 51.
42
What is the remainder when 105 is divided by 22?
17
What is the remainder when 695 is divided by 308?
79
Calculate the remainder when 151 is divided by 69.
13
What is the remainder when 54 is divided by 12?
6
What is the remainder when 171 is divided by 28?
3
What is the remainder when 100 is divided by 78?
22
What is the remainder when 749 is divided by 94?
91
What is the remainder when 1065 is divided by 63?
57
What is the remainder when 62 is divided by 40?
22
What is the remainder when 5874 is divided by 28?
22
Calculate the remainder when 211 is divided by 20.
11
What is the remainder when 390 is divided by 131?
128
What is the remainder when 259 is divided by 102?
55
What is the remainder when 1215 is divided by 58?
55
Calculate the remainder when 383 is divided by 8.
7
What is the remainder when 136 is divided by 8?
0
Calculate the remainder when 163 is divided by 15.
13
What is the remainder when 31 is divided by 15?
1
What is the remainder when 179 is divided by 26?
23
What is the remainder when 2786 is divided by 43?
34
Calculate the remainder when 875 is divided by 309.
257
What is the remainder when 1532 is divided by 5?
2
Calculate the remainder when 2486 is divided by 276.
2
What is the remainder when 4442 is divided by 5?
2
Calculate the remainder when 160 is divided by 48.
16
Calculate the remainder when 66 is divided by 3.
0
Calculate the remainder when 463 is divided by 18.
13
What is the remainder when 1200 is divided by 12?
0
What is the remainder when 1463 is divided by 61?
60
What is the remainder when 517 is divided by 170?
7
What is the remainder when 124 is divided by 42?
40
What is the remainder when 280 is divided by 97?
86
Calculate the remainder when 2813 is divided by 5.
3
What is the remainder when 115 is divided by 55?
5
What is the remainder when 40 is divided by 3?
1
Calculate the remainder when 76 is divided by 14.
6
Calculate the remainder when 34 is divided by 25.
9
Calculate the remainder when 10807 is divided by 309.
301
What is the remainder when 485 is divided by 473?
12
Calculate the remainder when 178 is divided by 20.
18
Calculate the remainder when 385 is divided by 30.
25
What is the remainder when 731 is divided by 46?
41
What is the remainder when 387 is divided by 99?
90
What is the remainder when 258 is divided by 123?
12
What is the remainder when 3489 is divided by 23?
16
Calculate the remainder when 46 is divided by 37.
9
Calculate the remainder when 225 is divided by 107.
11
What is the remainder when 86 is divided by 28?
2
What is the remainder when 59 is divided by 12?
11
What is the remainder when 524 is divided by 5?
4
Calculate the remainder when 183 is divided by 124.
59
What is the remainder when 2167 is divided by 2165?
2
What is the remainder when 802 is divided by 115?
112
Calculate the remainder when 374 is divided by 63.
59
What is the remainder when 4510 is divided by 107?
16
What is the remainder when 384 is divided by 35?
34
Calculate the remainder when 86 is divided by 34.
18
Calculate the remainder when 50 is divided by 22.
6
What is the remainder when 36 is divided by 22?
14
What is the remainder when 123 is divided by 16?
11
What is the remainder when 14 is divided by 4?
2
What is the remainder when 3003 is divided by 54?
33
What is the remainder when 61 is divided by 6?
1
Calculate the remainder when 394 is divided by 40.
34
Calculate the remainder when 304 is divided by 44.
40
What is the remainder when 1358 is divided by 1351?
7
What is the remainder when 452 is divided by 20?
12
Calculate the remainder when 100 is divided by 21.
16
Calculate the remainder when 171 is divided by 18.
9
Calculate the remainder when 413 is divided by 141.
131
Calculate the remainder when 325 is divided by 10.
5
Calculate the remainder when 168 is divided by 19.
16
Calculate the remainder when 270 is divided by 56.
46
What is the remainder when 146 is divided by 21?
20
Calculate the remainder when 238 is divided by 74.
16
What is the remainder when 6550 is divided by 63?
61
What is the remainder when 197 is divided by 98?
1
What is the remainder when 5746 is divided by 46?
42
Calculate the remainder when 1394 is divided by 93.
92
What is the remainder when 120 is divided by 11?
10
What is the remainder when 1125 is divided by 553?
19
Calculate the remainder when 299 is divided by 186.
113
What is the remainder when 1614 is divided by 182?
158
Calculate the remainder when 143 is divided by 72.
71
What is the remainder when 190 is divided by 24?
22
What is the remainder when 165 is divided by 45?
30
Calculate the remainder when 1073 is divided by 38.
9
Calculate the remainder when 69 is divided by 15.
9
What is the remainder when 292 is divided by 47?
10
Calculate the remainder when 1309 is divided by 131.
130
Calculate the remainder when 403 is divided by 14.
11
What is the remainder when 457 is divided by 227?
3
Calculate the remainder when 24 is divided by 13.
11
Calculate the remainder when 170 is divided by 50.
20
What is the remainder when 199 is divided by 30?
19
Calculate the remainder when 445 is divided by 43.
15
What is the remainder when 194 is divided by 6?
2
Calculate the remainder when 264 is divided by 15.
9
Calculate the remainder when 338 is divided by 99.
41
Calculate the remainder when 477 is divided by 5.
2
What is the remainder when 4950 is divided by 618?
6
What is the remainder when 306 is divided by 111?
84
Calculate the remainder when 372 is divided by 170.
32
What is the remainder when 829 is divided by 14?
3
What is the remainder when 549 is divided by 11?
10
What is the remainder when 28 is divided by 3?
1
What is the remainder when 6137 is divided by 11?
10
Calculate the remainder when 392 is divided by 24.
8
What is the remainder when 10645 is divided by 63?
61
Calculate the remainder when 131 is divided by 35.
26
What is the remainder when 135 is divided by 30?
15
What is the remainder when 80 is divided by 17?
12
What is the remainder when 179 is divided by 38?
27
What is the remainder when 108 is divided by 56?
52
What is the remainder when 87 is divided by 15?
12
Calculate the remainder when 85 is divided by 24.
13
What is the remainder when 304 is divided by 66?
40
What is the remainder when 56 is divided by 15?
11
What is the remainder when 5873 is divided by 178?
177
Calculate the remainder when 174 is divided by 63.
48
Calculate the remainder when 391 is